{"id":2195,"date":"2016-12-07T11:04:17","date_gmt":"2016-12-07T17:04:17","guid":{"rendered":"http:\/\/localhost:8888\/?page_id=2195"},"modified":"2017-03-06T14:07:44","modified_gmt":"2017-03-06T20:07:44","slug":"soluciones-web-y-apps","status":"publish","type":"page","link":"https:\/\/www.maxvalue.com.mx\/?page_id=2195","title":{"rendered":"Soluciones Web y Apps"},"content":{"rendered":"<p>[vc_row vertical_align=&#8221;middle&#8221; padding_size=&#8221;no-padding&#8221; background_color=&#8221;#ffffff&#8221; css=&#8221;.vc_custom_1480537774037{border-top-width: -30% !important;border-right-width: -30% !important;border-bottom-width: -30% !important;border-left-width: -30% !important;border-left-color: #deded5 !important;border-left-style: Solid !important;border-right-color: #deded5 !important;border-right-style: Solid !important;border-top-color: #deded5 !important;border-top-style: Solid !important;border-bottom-color: #deded5 !important;border-bottom-style: Solid !important;}&#8221;][vc_column text_align=&#8221;center&#8221; padding_size=&#8221;no-padding&#8221; css=&#8221;.vc_custom_1480537560632{border-top-width: -50px !important;border-right-width: -50px !important;border-bottom-width: -50px !important;border-left-width: -50px !important;}&#8221;][vc_empty_space height=&#8221;200px&#8221;][vc_custom_heading text=&#8221;Desarrollamos MEDIOS digitales para empresas y profesionales<br \/>\n&#8221; font_container=&#8221;tag:h2|font_size:40px|text_align:center|color:%23adadad|line_height:50px&#8221; google_fonts=&#8221;font_family:PT%20Sans%3Aregular%2Citalic%2C700%2C700italic|font_style:400%20regular%3A400%3Anormal&#8221; text_transform=&#8221;uppercase&#8221; animation=&#8221;fadeIn&#8221;][vc_single_image image=&#8221;2202&#8243; alignment=&#8221;center&#8221; css=&#8221;.vc_custom_1481131661741{margin-top: 2% !important;}&#8221; animation=&#8221;fadeInUp&#8221;][vc_empty_space height=&#8221;150px&#8221;][\/vc_column][\/vc_row][vc_row vertical_align=&#8221;middle&#8221; padding_size=&#8221;no-padding&#8221; background_color=&#8221;#0eafaa&#8221;][vc_column text_align=&#8221;center&#8221; padding_size=&#8221;no-padding&#8221; css=&#8221;.vc_custom_1480537560632{border-top-width: -50px !important;border-right-width: -50px !important;border-bottom-width: -50px !important;border-left-width: -50px !important;}&#8221;][vc_empty_space height=&#8221;150px&#8221;][vc_custom_heading text=&#8221;Abarcamos la totalidad del proceso, desde el an\u00e1lisis, dise\u00f1o, desarrollo, implementaci\u00f3n, pruebas e integraci\u00f3n.&#8221; font_container=&#8221;tag:h2|font_size:30px|text_align:center|color:%23ffffff|line_height:40px&#8221; google_fonts=&#8221;font_family:Ubuntu%3A300%2C300italic%2Cregular%2Citalic%2C500%2C500italic%2C700%2C700italic|font_style:300%20light%20regular%3A300%3Anormal&#8221; text_transform=&#8221;none&#8221; animation=&#8221;fadeIn&#8221; letter_spacing=&#8221;2px&#8221;][vc_empty_space height=&#8221;150px&#8221;][\/vc_column][\/vc_row][vc_row vertical_align=&#8221;middle&#8221; padding_size=&#8221;no-padding&#8221; background_color=&#8221;#ffffff&#8221;][vc_column text_align=&#8221;center&#8221; padding_size=&#8221;no-padding&#8221; el_class=&#8221;overlap-top&#8221; css=&#8221;.vc_custom_1482266987939{padding-bottom: -50px !important;}&#8221;][vc_single_image image=&#8221;2201&#8243; alignment=&#8221;center&#8221; animation=&#8221;fadeInUp&#8221;][vc_empty_space height=&#8221;50px&#8221;][\/vc_column][\/vc_row][vc_row row_style=&#8221;full-width&#8221; vertical_align=&#8221;middle&#8221; padding_size=&#8221;no-padding&#8221;][vc_column text_align=&#8221;right&#8221; padding_size=&#8221;no-padding&#8221; background_color=&#8221;#cccccc&#8221; width=&#8221;1\/2&#8243; el_class=&#8221;overlap&#8221;][vc_empty_space][vc_custom_heading text=&#8221;Dise\u00f1o Web&#8221; font_container=&#8221;tag:h2|font_size:50px|text_align:left|color:%23333333|line_height:1.2&#8243; google_fonts=&#8221;font_family:Montserrat%3Aregular%2C700|font_style:700%20bold%20regular%3A700%3Anormal&#8221; text_transform=&#8221;none&#8221; animation=&#8221;fadeInLeft&#8221; css=&#8221;.vc_custom_1482264221122{padding-left: 7% !important;}&#8221;][vc_custom_heading text=&#8221;Desarrollamos en ASP \/ PHP \/ HTML 5 con todas las posibilidades de CSS3 y Javascript&#8221; font_container=&#8221;tag:h2|font_size:25px|text_align:left|color:%23ffffff|line_height:35px&#8221; google_fonts=&#8221;font_family:Ubuntu%3A300%2C300italic%2Cregular%2Citalic%2C500%2C500italic%2C700%2C700italic|font_style:300%20light%20regular%3A300%3Anormal&#8221; text_transform=&#8221;none&#8221; animation=&#8221;fadeIn&#8221; letter_spacing=&#8221;2px&#8221; css=&#8221;.vc_custom_1487613899428{padding-right: 5% !important;padding-left: 7% !important;}&#8221;][vc_single_image image=&#8221;2257&#8243; alignment=&#8221;right&#8221; el_class=&#8221;overlap-right&#8221; animation=&#8221;fadeInLeft&#8221;][vc_empty_space height=&#8221;60px&#8221;][\/vc_column][vc_column padding_size=&#8221;l-padding&#8221; background_color=&#8221;#ebebe6&#8243; width=&#8221;1\/2&#8243;][vc_custom_heading text=&#8221;Perfecta compatibilidad entre<br \/>\ndiferentes navegadores&#8221; font_container=&#8221;tag:h2|font_size:20px|text_align:center|color:%236d6e71|line_height:30px&#8221; google_fonts=&#8221;font_family:Ubuntu%3A300%2C300italic%2Cregular%2Citalic%2C500%2C500italic%2C700%2C700italic|font_style:300%20light%20regular%3A300%3Anormal&#8221; text_transform=&#8221;none&#8221; animation=&#8221;fadeIn&#8221; letter_spacing=&#8221;2px&#8221; css=&#8221;.vc_custom_1482267685884{padding-right: 7% !important;}&#8221;][vc_empty_space height=&#8221;20px&#8221;][vc_single_image image=&#8221;2205&#8243; alignment=&#8221;center&#8221; animation=&#8221;fadeIn&#8221;][vc_empty_space height=&#8221;20px&#8221;][vc_single_image image=&#8221;2203&#8243; alignment=&#8221;center&#8221; animation=&#8221;slideInRight&#8221;][vc_empty_space height=&#8221;20px&#8221;][vc_custom_heading text=&#8221;Perfecta adaptabilidad sobre<br \/>\nplataformas m\u00f3viles y tabletas<br \/>\n(dise\u00f1o responsive)&#8221; font_container=&#8221;tag:h2|font_size:20px|text_align:center|color:%236d6e71|line_height:30px&#8221; google_fonts=&#8221;font_family:Ubuntu%3A300%2C300italic%2Cregular%2Citalic%2C500%2C500italic%2C700%2C700italic|font_style:300%20light%20regular%3A300%3Anormal&#8221; text_transform=&#8221;none&#8221; animation=&#8221;fadeIn&#8221; letter_spacing=&#8221;2px&#8221; css=&#8221;.vc_custom_1482267690688{padding-right: 7% !important;}&#8221;][vc_empty_space height=&#8221;20px&#8221;][vc_single_image image=&#8221;2206&#8243; alignment=&#8221;center&#8221; animation=&#8221;fadeIn&#8221;][vc_empty_space height=&#8221;20px&#8221;][vc_single_image image=&#8221;2203&#8243; alignment=&#8221;center&#8221; animation=&#8221;slideInRight&#8221;][vc_empty_space height=&#8221;20px&#8221;][vc_custom_heading text=&#8221;Perfecta adaptabilidad sobre<br \/>\nplataformas m\u00f3viles y tabletas<br \/>\n(dise\u00f1o responsive)&#8221; font_container=&#8221;tag:h2|font_size:20px|text_align:center|color:%236d6e71|line_height:30px&#8221; google_fonts=&#8221;font_family:Ubuntu%3A300%2C300italic%2Cregular%2Citalic%2C500%2C500italic%2C700%2C700italic|font_style:300%20light%20regular%3A300%3Anormal&#8221; text_transform=&#8221;none&#8221; animation=&#8221;fadeIn&#8221; letter_spacing=&#8221;2px&#8221; css=&#8221;.vc_custom_1482267696268{padding-right: 7% !important;}&#8221;][vc_empty_space height=&#8221;20px&#8221;][vc_single_image image=&#8221;2207&#8243; alignment=&#8221;center&#8221; animation=&#8221;fadeIn&#8221;][\/vc_column][\/vc_row][vc_row vertical_align=&#8221;bottom&#8221; padding_size=&#8221;no-padding&#8221; background_color=&#8221;#ffffff&#8221;][vc_column width=&#8221;1\/2&#8243; css=&#8221;.vc_custom_1487614209138{padding-right: 5% !important;padding-bottom: 7% !important;}&#8221;][vc_custom_heading text=&#8221;Aplicaciones m\u00f3viles&#8221; font_container=&#8221;tag:h2|font_size:50px|text_align:left|color:%230eafaa|line_height:1.2&#8243; google_fonts=&#8221;font_family:Montserrat%3Aregular%2C700|font_style:700%20bold%20regular%3A700%3Anormal&#8221; text_transform=&#8221;none&#8221; el_class=&#8221;overlap-left&#8221; animation=&#8221;fadeInLeft&#8221; css=&#8221;.vc_custom_1487613576487{padding-left: 5% !important;}&#8221;][vc_custom_heading text=&#8221;Ponemos tu marca en la palma de la mano de tus clientes&#8221; font_container=&#8221;tag:p|font_size:20px|text_align:left|color:%230a0a0a|line_height:27px&#8221; google_fonts=&#8221;font_family:Noto%20Sans%3Aregular%2Citalic%2C700%2C700italic|font_style:400%20regular%3A400%3Anormal&#8221; letter_spacing=&#8221;3.5px&#8221; css=&#8221;.vc_custom_1487613582066{padding-left: 5% !important;}&#8221;][vc_row_inner padding_size=&#8221;no-padding&#8221; css=&#8221;.vc_custom_1437619673182{margin-left: -15px !important;}&#8221;][vc_column_inner][vc_column_text css=&#8221;.vc_custom_1487613595310{padding-left: 5% !important;}&#8221;]<\/p>\n<ul>\n<li>Aplicaciones para IOS y Android<\/li>\n<li>Aprovecha los muchos componentes de la plataforma:<br \/>\nGPS, c\u00e1mara, aceler\u00f3metro, etc.<\/li>\n<li>Difusi\u00f3n en la AppStore y Google Play<\/li>\n<\/ul>\n<p>[\/vc_column_text][\/vc_column_inner][\/vc_row_inner][\/vc_column][vc_column padding_size=&#8221;no-padding&#8221; width=&#8221;1\/2&#8243;][vc_empty_space height=&#8221;90px&#8221;][vc_single_image image=&#8221;2204&#8243; alignment=&#8221;center&#8221; animation=&#8221;fadeInRight&#8221;][\/vc_column][\/vc_row][vc_row row_style=&#8221;full-width&#8221; vertical_align=&#8221;middle&#8221; padding_size=&#8221;no-padding&#8221; background_color=&#8221;#0eafaa&#8221; el_class=&#8221;overlap-bottom&#8221;][vc_column text_align=&#8221;center&#8221; padding_size=&#8221;no-padding&#8221; el_class=&#8221;overlap&#8221;][vc_single_image image=&#8221;2276&#8243; alignment=&#8221;center&#8221; animation=&#8221;fadeInUp&#8221; el_class=&#8221;overlap-bottom&#8221; css=&#8221;.vc_custom_1482267620287{padding-top: -50px !important;}&#8221;][\/vc_column][\/vc_row][vc_row vertical_align=&#8221;middle&#8221; padding_size=&#8221;no-padding&#8221; background_color=&#8221;#d6d7d7&#8243;][vc_column padding_size=&#8221;no-padding&#8221; width=&#8221;1\/2&#8243; css=&#8221;.vc_custom_1482269176441{padding-right: 5% !important;}&#8221;][vc_empty_space height=&#8221;50px&#8221;][vc_custom_heading text=&#8221;Integraci\u00f3n de sistemas&#8221; font_container=&#8221;tag:h2|font_size:40px|text_align:left|color:%230eafaa|line_height:1.2&#8243; google_fonts=&#8221;font_family:Montserrat%3Aregular%2C700|font_style:700%20bold%20regular%3A700%3Anormal&#8221; text_transform=&#8221;none&#8221; el_class=&#8221;overlap-left&#8221; animation=&#8221;fadeInLeft&#8221; css=&#8221;.vc_custom_1487613616954{padding-left: 5% !important;}&#8221;][vc_custom_heading text=&#8221;Integramos y alineamos nuestras soluciones a tus procesos y plataformas&#8221; font_container=&#8221;tag:p|font_size:20px|text_align:left|color:%230a0a0a|line_height:27px&#8221; google_fonts=&#8221;font_family:Noto%20Sans%3Aregular%2Citalic%2C700%2C700italic|font_style:400%20regular%3A400%3Anormal&#8221; letter_spacing=&#8221;3.5px&#8221; css=&#8221;.vc_custom_1487613622871{padding-left: 5% !important;}&#8221;][vc_row_inner padding_size=&#8221;no-padding&#8221; css=&#8221;.vc_custom_1482269250368{margin-left: -15px !important;}&#8221;][vc_column_inner][vc_column_text css=&#8221;.vc_custom_1487613629365{padding-left: 5% !important;}&#8221;]<\/p>\n<ul>\n<li>Bases de datos Oracle y servidores Sun<\/li>\n<li>Intercambio de info (criptol\u00f3gica asim\u00e9trica RSA de 1024 Bits)<\/li>\n<li>Almacenamiento encriptado (algoritmo AES\/CBC\/PKCS5)<\/li>\n<li>Alta disponibilidad y canal seguro (Secure FTP)<\/li>\n<\/ul>\n<p>[\/vc_column_text][\/vc_column_inner][\/vc_row_inner][\/vc_column][vc_column padding_size=&#8221;no-padding&#8221; width=&#8221;1\/2&#8243;][vc_empty_space height=&#8221;100px&#8221;][vc_single_image image=&#8221;2208&#8243; alignment=&#8221;center&#8221; animation=&#8221;fadeInRight&#8221; css=&#8221;.vc_custom_1487614451812{padding-right: 5% !important;padding-left: 5% !important;}&#8221;][vc_empty_space height=&#8221;100px&#8221;][\/vc_column][\/vc_row]<\/p>\n","protected":false},"excerpt":{"rendered":"<p>[vc_row vertical_align=&#8221;middle&#8221; padding_size=&#8221;no-padding&#8221; background_color=&#8221;#ffffff&#8221; css=&#8221;.vc_custom_1480537774037{border-top-width: -30% !important;border-right-width: -30% !important;border-bottom-width: -30% !important;border-left-width: -30% !important;border-left-color: #deded5 !important;border-left-style: Solid !important;border-right-color: #deded5 !important;border-right-style: Solid !important;border-top-color: #deded5 !important;border-top-style: Solid !important;border-bottom-color: #deded5 !important;border-bottom-style: Solid !important;}&#8221;][vc_column text_align=&#8221;center&#8221; padding_size=&#8221;no-padding&#8221; css=&#8221;.vc_custom_1480537560632{border-top-width: -50px !important;border-right-width: -50px !important;border-bottom-width: -50px !important;border-left-width: -50px !important;}&#8221;][vc_empty_space height=&#8221;200px&#8221;][vc_custom_heading text=&#8221;Desarrollamos MEDIOS digitales para empresas y profesionales &#8221; font_container=&#8221;tag:h2|font_size:40px|text_align:center|color:%23adadad|line_height:50px&#8221; google_fonts=&#8221;font_family:PT%20Sans%3Aregular%2Citalic%2C700%2C700italic|font_style:400%20regular%3A400%3Anormal&#8221; text_transform=&#8221;uppercase&#8221; animation=&#8221;fadeIn&#8221;][vc_single_image image=&#8221;2202&#8243; alignment=&#8221;center&#8221; [&hellip;]<\/p>\n","protected":false},"author":1,"featured_media":0,"parent":0,"menu_order":0,"comment_status":"closed","ping_status":"closed","template":"","meta":[],"yoast_head":"<!-- This site is optimized with the Yoast SEO plugin v19.4 - https:\/\/yoast.com\/wordpress\/plugins\/seo\/ -->\n<title>Soluciones Web y Apps - Max Value de M\u00e9xico<\/title>\n<meta name=\"robots\" content=\"noindex, follow, max-snippet:-1, max-image-preview:large, max-video-preview:-1\" \/>\n<meta property=\"og:locale\" content=\"es_MX\" \/>\n<meta property=\"og:type\" content=\"article\" \/>\n<meta property=\"og:title\" content=\"Soluciones Web y Apps - Max Value de M\u00e9xico\" \/>\n<meta property=\"og:description\" content=\"[vc_row vertical_align=&#8221;middle&#8221; padding_size=&#8221;no-padding&#8221; background_color=&#8221;#ffffff&#8221; css=&#8221;.vc_custom_1480537774037{border-top-width: -30% !important;border-right-width: -30% !important;border-bottom-width: -30% !important;border-left-width: -30% !important;border-left-color: #deded5 !important;border-left-style: Solid !important;border-right-color: #deded5 !important;border-right-style: Solid !important;border-top-color: #deded5 !important;border-top-style: Solid !important;border-bottom-color: #deded5 !important;border-bottom-style: Solid !important;}&#8221;][vc_column text_align=&#8221;center&#8221; padding_size=&#8221;no-padding&#8221; css=&#8221;.vc_custom_1480537560632{border-top-width: -50px !important;border-right-width: -50px !important;border-bottom-width: -50px !important;border-left-width: -50px !important;}&#8221;][vc_empty_space height=&#8221;200px&#8221;][vc_custom_heading text=&#8221;Desarrollamos MEDIOS digitales para empresas y profesionales &#8221; font_container=&#8221;tag:h2|font_size:40px|text_align:center|color:%23adadad|line_height:50px&#8221; google_fonts=&#8221;font_family:PT%20Sans%3Aregular%2Citalic%2C700%2C700italic|font_style:400%20regular%3A400%3Anormal&#8221; text_transform=&#8221;uppercase&#8221; animation=&#8221;fadeIn&#8221;][vc_single_image image=&#8221;2202&#8243; alignment=&#8221;center&#8221; [&hellip;]\" \/>\n<meta property=\"og:url\" content=\"https:\/\/www.maxvalue.com.mx\/?page_id=2195\" \/>\n<meta property=\"og:site_name\" content=\"Max Value de M\u00e9xico\" \/>\n<meta property=\"article:modified_time\" content=\"2017-03-06T20:07:44+00:00\" \/>\n<meta name=\"twitter:card\" content=\"summary_large_image\" \/>\n<meta name=\"twitter:label1\" content=\"Tiempo de lectura\" \/>\n\t<meta name=\"twitter:data1\" content=\"6 minutos\" \/>\n<script type=\"application\/ld+json\" class=\"yoast-schema-graph\">{\"@context\":\"https:\/\/schema.org\",\"@graph\":[{\"@type\":\"WebSite\",\"@id\":\"https:\/\/www.maxvalue.com.mx\/#website\",\"url\":\"https:\/\/www.maxvalue.com.mx\/\",\"name\":\"Max Value de M\u00e9xico\",\"description\":\"Informaci\u00f3n de los servicios que ofrece Max Value\",\"potentialAction\":[{\"@type\":\"SearchAction\",\"target\":{\"@type\":\"EntryPoint\",\"urlTemplate\":\"https:\/\/www.maxvalue.com.mx\/?s={search_term_string}\"},\"query-input\":\"required name=search_term_string\"}],\"inLanguage\":\"es-MX\"},{\"@type\":\"WebPage\",\"@id\":\"https:\/\/www.maxvalue.com.mx\/?page_id=2195\",\"url\":\"https:\/\/www.maxvalue.com.mx\/?page_id=2195\",\"name\":\"Soluciones Web y Apps - Max Value de M\u00e9xico\",\"isPartOf\":{\"@id\":\"https:\/\/www.maxvalue.com.mx\/#website\"},\"datePublished\":\"2016-12-07T17:04:17+00:00\",\"dateModified\":\"2017-03-06T20:07:44+00:00\",\"breadcrumb\":{\"@id\":\"https:\/\/www.maxvalue.com.mx\/?page_id=2195#breadcrumb\"},\"inLanguage\":\"es-MX\",\"potentialAction\":[{\"@type\":\"ReadAction\",\"target\":[\"https:\/\/www.maxvalue.com.mx\/?page_id=2195\"]}]},{\"@type\":\"BreadcrumbList\",\"@id\":\"https:\/\/www.maxvalue.com.mx\/?page_id=2195#breadcrumb\",\"itemListElement\":[{\"@type\":\"ListItem\",\"position\":1,\"name\":\"Inicio\",\"item\":\"https:\/\/www.maxvalue.com.mx\/\"},{\"@type\":\"ListItem\",\"position\":2,\"name\":\"Soluciones Web y Apps\"}]}]}<\/script>\n<!-- \/ Yoast SEO plugin. -->","yoast_head_json":{"title":"Soluciones Web y Apps - Max Value de M\u00e9xico","robots":{"index":"noindex","follow":"follow","max-snippet":"max-snippet:-1","max-image-preview":"max-image-preview:large","max-video-preview":"max-video-preview:-1"},"og_locale":"es_MX","og_type":"article","og_title":"Soluciones Web y Apps - Max Value de M\u00e9xico","og_description":"[vc_row vertical_align=&#8221;middle&#8221; padding_size=&#8221;no-padding&#8221; background_color=&#8221;#ffffff&#8221; css=&#8221;.vc_custom_1480537774037{border-top-width: -30% !important;border-right-width: -30% !important;border-bottom-width: -30% !important;border-left-width: -30% !important;border-left-color: #deded5 !important;border-left-style: Solid !important;border-right-color: #deded5 !important;border-right-style: Solid !important;border-top-color: #deded5 !important;border-top-style: Solid !important;border-bottom-color: #deded5 !important;border-bottom-style: Solid !important;}&#8221;][vc_column text_align=&#8221;center&#8221; padding_size=&#8221;no-padding&#8221; css=&#8221;.vc_custom_1480537560632{border-top-width: -50px !important;border-right-width: -50px !important;border-bottom-width: -50px !important;border-left-width: -50px !important;}&#8221;][vc_empty_space height=&#8221;200px&#8221;][vc_custom_heading text=&#8221;Desarrollamos MEDIOS digitales para empresas y profesionales &#8221; font_container=&#8221;tag:h2|font_size:40px|text_align:center|color:%23adadad|line_height:50px&#8221; google_fonts=&#8221;font_family:PT%20Sans%3Aregular%2Citalic%2C700%2C700italic|font_style:400%20regular%3A400%3Anormal&#8221; text_transform=&#8221;uppercase&#8221; animation=&#8221;fadeIn&#8221;][vc_single_image image=&#8221;2202&#8243; alignment=&#8221;center&#8221; [&hellip;]","og_url":"https:\/\/www.maxvalue.com.mx\/?page_id=2195","og_site_name":"Max Value de M\u00e9xico","article_modified_time":"2017-03-06T20:07:44+00:00","twitter_card":"summary_large_image","twitter_misc":{"Tiempo de lectura":"6 minutos"},"schema":{"@context":"https:\/\/schema.org","@graph":[{"@type":"WebSite","@id":"https:\/\/www.maxvalue.com.mx\/#website","url":"https:\/\/www.maxvalue.com.mx\/","name":"Max Value de M\u00e9xico","description":"Informaci\u00f3n de los servicios que ofrece Max Value","potentialAction":[{"@type":"SearchAction","target":{"@type":"EntryPoint","urlTemplate":"https:\/\/www.maxvalue.com.mx\/?s={search_term_string}"},"query-input":"required name=search_term_string"}],"inLanguage":"es-MX"},{"@type":"WebPage","@id":"https:\/\/www.maxvalue.com.mx\/?page_id=2195","url":"https:\/\/www.maxvalue.com.mx\/?page_id=2195","name":"Soluciones Web y Apps - Max Value de M\u00e9xico","isPartOf":{"@id":"https:\/\/www.maxvalue.com.mx\/#website"},"datePublished":"2016-12-07T17:04:17+00:00","dateModified":"2017-03-06T20:07:44+00:00","breadcrumb":{"@id":"https:\/\/www.maxvalue.com.mx\/?page_id=2195#breadcrumb"},"inLanguage":"es-MX","potentialAction":[{"@type":"ReadAction","target":["https:\/\/www.maxvalue.com.mx\/?page_id=2195"]}]},{"@type":"BreadcrumbList","@id":"https:\/\/www.maxvalue.com.mx\/?page_id=2195#breadcrumb","itemListElement":[{"@type":"ListItem","position":1,"name":"Inicio","item":"https:\/\/www.maxvalue.com.mx\/"},{"@type":"ListItem","position":2,"name":"Soluciones Web y Apps"}]}]}},"_links":{"self":[{"href":"https:\/\/www.maxvalue.com.mx\/index.php?rest_route=\/wp\/v2\/pages\/2195"}],"collection":[{"href":"https:\/\/www.maxvalue.com.mx\/index.php?rest_route=\/wp\/v2\/pages"}],"about":[{"href":"https:\/\/www.maxvalue.com.mx\/index.php?rest_route=\/wp\/v2\/types\/page"}],"author":[{"embeddable":true,"href":"https:\/\/www.maxvalue.com.mx\/index.php?rest_route=\/wp\/v2\/users\/1"}],"replies":[{"embeddable":true,"href":"https:\/\/www.maxvalue.com.mx\/index.php?rest_route=%2Fwp%2Fv2%2Fcomments&post=2195"}],"version-history":[{"count":72,"href":"https:\/\/www.maxvalue.com.mx\/index.php?rest_route=\/wp\/v2\/pages\/2195\/revisions"}],"predecessor-version":[{"id":2955,"href":"https:\/\/www.maxvalue.com.mx\/index.php?rest_route=\/wp\/v2\/pages\/2195\/revisions\/2955"}],"wp:attachment":[{"href":"https:\/\/www.maxvalue.com.mx\/index.php?rest_route=%2Fwp%2Fv2%2Fmedia&parent=2195"}],"curies":[{"name":"wp","href":"https:\/\/api.w.org\/{rel}","templated":true}]}}